
Convert 565d (base 14) to base 2.
11101010000011
What is -8971 (base 16) in base 7?
-204403
530 (base 6) to base 13
123
696 (base 12) to base 16
3d2
-1184 (base 9) to base 2
-1101110110
Convert 6930 (base 11) to base 5.
242413
Convert 872 (base 9) to base 16.
2c9
10121 (base 4) to base 3
101102
194b0 (base 12) to base 11
25883
Convert -4104 (base 5) to base 11.
-441
What is 4234 (base 6) in base 14?
4c6
Convert -101001001110111 (base 2) to base 14.
-799d
-213 (base 7) to base 8
-154
-a188 (base 15) to base 9
-51702
Convert -3038 (base 10) to base 13.
-14c9
Convert 30387 (base 9) to base 15.
5dda
Convert -7e6 (base 15) to base 10.
-1791
What is -11010101100 (base 2) in base 16?
-6ac
What is 6224 (base 13) in base 9?
20525
What is 114312 (base 5) in base 6?
32020
What is 1ec6 (base 16) in base 9?
11723
d824 (base 15) to base 3
2022200221
Convert 1111100000101111 (base 2) to base 5.
4013120
What is 111021202 (base 3) in base 14?
375c
What is -11010 (base 9) in base 6?
-53443
Convert -21 (base 4) to base 14.
-9
-6906 (base 11) to base 15
-2a56
What is -6e3 (base 15) in base 4?
-120123
2545 (base 8) to base 2
10101100101
23026 (base 7) to base 4
1123123
Convert 307 (base 8) to base 14.
103
What is -6762 (base 8) in base 6?
-24310
What is 3e0 (base 15) in base 16?
375
What is 536 (base 7) in base 13?
17c
20a (base 13) to base 11
297
Convert -10020010120 (base 3) to base 5.
-4013034
Convert 2100220 (base 3) to base 5.
23400
Convert 511 (base 10) to base 6.
2211
What is 2440 (base 5) in base 16?
172
What is ab7 (base 12) in base 2?
11000101011
What is -673 (base 9) in base 15?
-26c
632 (base 11) to base 7
2135
-550 (base 9) to base 12
-316
What is -30321 (base 8) in base 11?
-9431
Convert -d37 (base 15) to base 5.
-43402
Convert 10212111 (base 4) to base 7.
105630
What is -120011 (base 3) in base 14?
-213
Convert 28c0 (base 14) to base 4.
1300320
Convert 10111 (base 4) to base 3.
101021
Convert 444 (base 15) to base 2.
1111000100
-752 (base 8) to base 2
-111101010
1389 (base 13) to base 12
1769
What is 2635 (base 11) in base 6?
23510
-2442 (base 9) to base 8
-3434
What is -273 (base 11) in base 6?
-1254
Convert 4430 (base 6) to base 10.
1026
What is -2226 (base 7) in base 2?
-1100100100
What is 11212 (base 5) in base 11?
674
-3024 (base 6) to base 13
-3c1
What is -4781 (base 9) in base 13?
-1807
-26020 (base 7) to base 16
-1ada
-2772 (base 9) to base 13
-c4a
c6 (base 16) to base 13
123
-101100001111110 (base 2) to base 5
-1211104
What is -321001 (base 4) in base 15?
-1134
Convert 103107 (base 8) to base 15.
a2ba
2705 (base 10) to base 5
41310
173ac (base 13) to base 9
67143
What is -956 (base 12) in base 3?
-1212110
What is -204232 (base 5) in base 8?
-15241
What is -4675 (base 8) in base 3?
-10102100
Convert -301550 (base 6) to base 2.
-101110011001010
Convert -11101 (base 3) to base 9.
-141
10c (base 13) to base 9
221
Convert 2165 (base 14) to base 16.
168d
7e9c (base 15) to base 2
110100100101010
What is 333421 (base 5) in base 16?
2dd8
Convert 122101 (base 3) to base 9.
571
What is -4370 (base 8) in base 12?
-13b4
What is 1004234 (base 5) in base 12?
9456
315043 (base 6) to base 11
18372
Convert 2e9 (base 15) to base 16.
29d
-24483 (base 10) to base 8
-57643
6d1b (base 16) to base 2
110110100011011
Convert -10101001010111 (base 2) to base 9.
-15773
101001011111011 (base 2) to base 3
1002010210
What is -127 (base 12) in base 9?
-214
Convert -216 (base 14) to base 2.
-110011100
3083 (base 10) to base 7
11663
260 (base 13) to base 14
21a
-948 (base 13) to base 9
-2146
4522 (base 6) to base 4
100202
-1572 (base 8) to base 12
-622
Convert -102021212 (base 3) to base 11.
-6203
Convert -4643 (base 7) to base 15.
-782
-1160 (base 14) to base 5
-44044
Convert 3203 (base 7) to base 16.
46a
-5671 (base 9) to base 11
-3174
Convert 20ec (base 15) to base 12.
4050
-3b94 (base 13) to base 9
-12673
Convert -3400 (base 5) to base 15.
-21a
10aa7 (base 11) to base 5
1002333
-30e (base 15) to base 16
-2b1
-21d (base 15) to base 12
-33a
What is 2262a (base 13) in base 10?
62566
What is 2133 (base 4) in base 3?
12220
What is -1b199 (base 12) in base 9?
-60780
Convert -65d (base 14) to base 10.
-1259
4401 (base 5) to base 11
4a7
Convert -2257 (base 11) to base 6.
-21422
Convert e6f (base 16) to base 11.
285a
What is 111011011101010 (base 2) in base 14?
b146
What is -1753 (base 10) in base 14?
-8d3
Convert 6055 (base 7) to base 4.
200302
-1022202 (base 5) to base 2
-100001100011001
429 (base 15) to base 2
1110101011
What is 247 (base 10) in base 5?
1442
45436 (base 9) to base 10
30246
431 (base 12) to base 13
382
What is -3c68 (base 13) in base 14?
-325b
Convert 44356 (base 7) to base 4.
2232130
Convert -6ae (base 15) to base 10.
-1514
-107005 (base 9) to base 4
-33222131
317 (base 14) to base 15
2a9
Convert 7608 (base 14) to base 4.
10332220
d1 (base 16) to base 15
de
Convert 803 (base 10) to base 15.
388
What is -42a (base 15) in base 2?
-1110101100
Convert 2234 (base 5) to base 4.
10333
3161 (base 7) to base 6
5105
Convert -20410 (base 5) to base 10.
-1355
What is -17 (base 9) in base 13?
-13
Convert 1446 (base 11) to base 3.
2120002
Convert 120b8 (base 15) to base 8.
160314
What is 38a (base 13) in base 3?
212000
-455 (base 14) to base 6
-3551
-1122 (base 11) to base 7
-4206
Convert 502 (base 6) to base 14.
d0
11010010110101 (base 2) to base 9
20452
What is -1ec8 (base 16) in base 5?
-223010
Convert 14dd (base 14) to base 10.
3723
10572 (base 8) to base 9
6121
22012011 (base 3) to base 15
1b81
380 (base 12) to base 3
201120
What is 25941 (base 10) in base 5?
1312231
Convert 11103 (base 4) to base 3.
110120
151313 (base 6) to base 8
34375
What is 46464 (base 8) in base 2?
100110100110100
What is -4532 (base 6) in base 4?
-100220
10ba (base 14) to base 2
101101011100
What is -21001120 (base 4) in base 14?
-d676
Convert 1106 (base 8) to base 6.
2410
-83 (base 11) to base 9
-111
-2147 (base 9) to base 16
-62e
Convert -148 (base 14) to base 9.
-318
Convert 10111100110101 (base 2) to base 7.
50143
-320111 (base 4) to base 10
-3605
What is 775 (base 8) in base 16?
1fd
-e2ac (base 15) to base 8
-135366
Convert -212 (base 6) to base 5.
-310
Convert 111462 (base 7) to base 9.
30130
What is -911 (base 10) in base 3?
-1020202
-c77 (base 14) to base 11
-1934
What is -61610 (base 7) in base 15?
-46d5
What is -1222 (base 6) in base 3?
-102012
-144 (base 7) to base 4
-1101
Convert -10051 (base 10) to base 2.
-10011101000011
What is -10232 (base 4) in base 9?
-365
31221 (base 7) to base 15
2409
7716 (base 12) to base 6
140430
What is -219b (base 16) in base 11?
-6511
Convert 334116 (base 7) to base 16.
e6b2
-1100 (base 7) to base 5
-3032
Convert 13031 (base 5) to base 15.
47b
Convert 12303 (base 5) to base 9.
1268
Convert 353a1 (base 11) to base 8.
143554
What is -1455 (base 7) in base 9?
-713
Convert -203 (base 11) to base 10.
-245
Convert 28a (base 13) to base 10.
452
133223 (base 5) to base 10
5438
What is -52676 (base 8) in base 3?
-1010002222
1210302 (base 4) to base 11
4934
64274 (base 8) to base 6
324044
230 (base 12) to base 6
1300
-3400 (base 12) to base 3
-21220100
Convert -50215 (base 6) to base 15.
-1e28
What is -3cd (base 14) in base 13?
-472
Convert -287 (base 15) to base 14.
-2d3
What is -53205 (base 10) in base 3?
-2200222120
What is 1913 (base 11) in base 10?
2434
10423 (base 5) to base 10
738
What is 545a (base 12) in base 14?
3554
What is 190 (base 12) in base 4?
3330
What is 51035 (base 9) in base 3?
1201001012
8a8 (base 15) to base 12
1172
-8f (base 16) to base 2
-10001111
What is -1212 (base 7) in base 16?
-1c2
Convert 312 (base 16) to base 10.
786
-422211 (base 5) to base 10
-14056
What is 7d9 (base 14) in base 16?
61b
-551 (base 13) to base 11
-759
What is 32a (base 13) in base 15?
263
Convert 100221112 (base 3) to base 8.
16122
Convert -151 (base 12) to base 5.
-1310
Convert -617 (base 9) to base 4.
-13312
What is -20122112 (base 4) in base 9?
-52232
-130320 (base 5) to base 12
-2b39
Convert aa33 (base 16) to base 12.
2126b
Convert 4343 (base 9) to base 11.
2448
Convert 11 (base 13) to base 5.
24
-5b8 (base 15) to base 14
-68a
What is 110000101 (base 2) in base 3?
112102
-aa5 (base 12) to base 11
-11a3
27259 (base 10) to base 4
12221323
What is -1425 (b